= 3*f - 156 - b. What is the hundreds digit of f?
1
Suppose 21*q - 39*q + 4194 = 0. Let o = q + 108. What is the hundreds digit of o?
3
Let k = -195 - -169. Let m = k + 643. What is the tens digit of m?
1
Let c(s) = 2*s**3 + s - 1. Let z be c(1). Suppose 5*j + 181 + 231 = 3*y, 0 = z*y + 4*j - 238. What is the hundreds digit of y?
1
What is the units digit of 3/(-12) + 104744/32?
3
Suppose 0 = q - 10*i + 9*i - 2, -5*i + 11 = 2*q. Suppose 0 = -3*j - 2*j + 4*v + 183, -5*j + 186 = -q*v. Let c = 81 + j. What is the tens digit of c?
2
Let j(r) = 174*r - 174. What is the units digit of j(39)?
2
Let h = -1831 - -3157. Let j = -787 + h. What is the tens digit of j?
3
Suppose -11631 = -3*s - 4*c, -15508 = 19*s - 23*s + 5*c. What is the hundreds digit of s?
8
Suppose 86*z + 5*k = 91*z - 99030, -2*k = -12. What is the thousands digit of z?
9
Let n = -1725 + 1725. Let m be 3/(-2)*14/21. What is the units digit of (m - n) + 704/(0 + 4)?
5
Let i = -19131 + 37940. What is the ten thousands digit of i?
1
Let l(u) = -243*u**3 - 2*u**2 - 4*u - 15. Let f be l(-3). What is the hundreds digit of f/32 - 3/8?
2
Suppose 2*j = -12*j + 28. Suppose -5*n = z - 7865, 2*z + 40 = 2*n - 3094. Suppose -10*p = j*p - n. What is the tens digit of p?
3
Let z = -318 - -326. What is the tens digit of (-615)/(-10) - 12/z?
6
Let l(w) = -w**2 + 10*w + 5. Let f be l(11). Let a be (-2231)/f - 2/(-12). Suppose -4*r - 4*x = -a, -5*r - 231 = -x - 666. What is the units digit of r?
8
Suppose 1554685 + 1112587 = 182*v + 573180. What is the units digit of v?
6
Suppose -458 - 652 = -15*t. Suppose -44 = -m + t. What is the hundreds digit of m?
1
Let g = 135 + -106. Suppose -5*m = 5*x - 195, 3*m = 2*m + 4*x + g. What is the units digit of m?
7
Let b(v) = 3*v**2 - 5*v - 11. Let k be b(-2). Suppose -7*g - k*g = -5796. What is the units digit of g?
2
Let t(i) = 29*i - 26. Let m be t(1). Suppose k + v + 0*v = 9, -3*k + 3 = -3*v. Suppose k*j - y = -2*y + 1187, m*y + 9 = 0. What is the tens digit of j?
3
What is the units digit of (-2)/8 + 491090/40?
7
Let c be (-156)/10 + 1 + (-10)/25. Let y be (-1 - 1)*c*(-1)/(-6). Suppose 2 = -4*f + 2*w, 4*w - w = 5*f + y. What is the units digit of f?
2
Suppose 17*w = 52 - 18. What is the units digit of (1*(-417)/w)/(3/(-6))?
7
Let o = -3336 + 6636. What is the units digit of o?
0
Let w(l) = 71*l + 17. Let a(z) = -z**3 - 10*z**2 + 10*z - 3. Let n be a(-11). Let u be w(n). Suppose 11*q = 2*q + u. What is the units digit of q?
5
Let f(h) = 3*h - 11*h + 2*h + 5*h. Let p be f(0). Suppose -6*z + 24 + 210 = p. What is the units digit of z?
9
Let k(n) = 1864*n**2 + 41*n**3 - 1863*n**2 + 9 - 2*n - 8*n**3. What is the tens digit of k(3)?
0
Suppose -17*z + 54 = -14. Suppose 12 = 12*y - 8*y, 3*f - z*y = 1200. What is the units digit of f?
4
Let r(p) = 148*p**2 - 5*p - 3. Let d be r(-1). Let n = d + -148. Suppose 0 = 4*h + 2*k - 4*k - 928, -4*h - n*k = -912. What is the tens digit of h?
3
Let c = -31 + 34. Suppose -4*r + 2*r - 324 = -3*d, 0 = c*d - 5*r - 315. Suppose 5*w - 30 = -4*k + 155, -3*k + 2*w = -d. What is the tens digit of k?
4
Suppose -893 + 4349 = -8*n. Let g = n + 613. What is the hundreds digit of g?
1
Let p(i) be the third derivative of i**3/6 - 20*i**2. Let x(n) = -n + 32. Let t(w) = -5*p(w) + x(w). What is the tens digit of t(11)?
1
Let a(d) = 47*d + 115 + 58*d - 91*d + 23*d. What is the tens digit of a(18)?
8
Let h = 486 - 1649. Let g = h - -1799. What is the tens digit of g?
3
Let l(s) = 3*s**3 - 5*s**2 - s - 8. Let j be l(4). Suppose -5*o = j + 30. Let u = 66 - o. What is the units digit of u?
2
Let o(h) = -h**2 + 16*h + 6. Let k be o(12). Let w be (-4)/18 - 616/(-18). Suppose -4*i + k + w = 0. What is the units digit of i?
2
Let q(f) = 19*f + 5. Let d be q(0). Let v(u) = 207*u - 116. What is the tens digit of v(d)?
1
Let m = 3193 - -6803. What is the hundreds digit of m?
9
Let n(v) = -v**3 + 7*v**2 + 7*v + 5. Let i = -24 + 31. Suppose 0 = 2*x - i*x + 30. What is the units digit of n(x)?
3
Let v(n) = -5*n + 1078*n**2 - n + 4*n - 2 + 3*n - 5*n. What is the hundreds digit of v(-1)?
0
Let i = -44050 + 66613. What is the hundreds digit of i?
5
What is the ten thousands digit of (-2 - 33/(-22))*(-116025 + 7)?
5
Suppose a = -4*h + 31544, 4*a - 23645 = 18*h - 21*h. What is the units digit of h?
7
Let s be 4/2*(-326)/(-4). Let x = s + 206. What is the units digit of x?
9
Let i(c) = -2*c. Let f be i(6). Let d(h) = 4*h + 9*h - 27*h + h + 10 + 4*h. What is the tens digit of d(f)?
1
Let m(s) = 6*s - 140. Let h be m(24). Let v(t) = 15*t + 85. What is the units digit of v(h)?
5
Let q(s) = s**2 - 13*s + 3. Let d be q(9). What is the units digit of ((-8)/(-20) + (-138)/45)*d?
8
Suppose 7*z - 74 = -53. Suppose -2*d - 5246 = -4*c, 3*c - z*d - 374 = 3553. What is the units digit of c?
4
Suppose 168 = 5*d - d. Suppose 2*g = 4*u + 36, -5*u + 4*g + 0*g = d. Let q = 21 + u. What is the units digit of q?
1
Suppose 12046 = 5*a + 41*h - 43*h, 5*h = -4*a + 9617. What is the tens digit of a?
0
Let u(z) = 27*z**2 - 5*z - 8. Let x = 516 - 521. What is the tens digit of u(x)?
9
Let j(y) = 248*y - 6. Let q be j(5). Let a = q + -836. What is the tens digit of a?
9
What is the tens digit of (-41928)/(-4) + (-120)/(-12)?
9
Suppose 4848 = 3*t - 19*t. Let d = t - -656. What is the units digit of d?
3
Let w be 2/(-3) - (68/(-6))/2. Suppose 2*q + 5 = -3*q, -w*q + 44 = x. What is the tens digit of x?
4
Suppose 143*k - 289332 - 13399 = 0. What is the hundreds digit of k?
1
Let a be 3*(-8)/6 - (-17 - -9). What is the hundreds digit of 378/(-91) + a + (-8714)/(-26)?
3
Let x be (-27 + 22)/(10/(-4)). Suppose -c + 2*c = 5*s - 954, -x*s - 3*c = -368. What is the hundreds digit of s?
1
Let d(h) = 149*h**2 + 1617*h + 15. What is the hundreds digit of d(-24)?
0
Let n(u) = 19*u - 11*u + 1 + 76*u. Let x be n(10). Let t = x - 594. What is the tens digit of t?
4
What is the ten thousands digit of 1 + (527/(-62))/((-1)/2570)?
2
Let w(f) = f**3 + 27*f**2 + f + 35. Let m be w(-27). Suppose -3*q = -m*q + 5330. What is the thousands digit of q?
1
Suppose 2*z - 1020 - 54884 = d, -2*z - 3*d = -55904. What is the thousands digit of z?
7
What is the tens digit of (-9 - -8) + (-18)/(-1)*14306/6?
1
Suppose 0 = -p - 5*i - 16, -2*i = -22*p + 20*p + 16. Suppose -2*n = -3*u + 2*u - 1702, 0 = -p*u - 16. What is the tens digit of n?
4
What is the hundreds digit of ((-17)/(-51) + 275/12)*264?
1
Let p(k) = 140*k**2 - 5*k - 155. What is the units digit of p(11)?
0
Suppose 0 = 14*j - 10*j + 144. Let s be (-9)/j + 174/8. Suppose a - 3*q - s = -q, -3*a - 3*q + 102 = 0. What is the units digit of a?
0
Suppose 206*o - 199*o - 15519 = 0. Suppose 9913 - o = 8*m. What is the tens digit of m?
6
Suppose 21*j - 440697 = -75284 + 139049. What is the thousands digit of j?
4
Let u(k) = -5*k**3 - 3*k**2 + 7*k + 8. Let r be u(-4). Suppose 5*o = 7*o - r. Suppose 0 = -5*n + m + o, 5*n - 162 = -4*m - 41. What is the tens digit of n?
2
Let k(h) = 25881*h + 1285. What is the thousands digit of k(1)?
7
Let m(p) = -p - 1. Let y(i) = 5*i. Let l(h) = -4*m(h) - y(h). Let z be l(-2). What is the units digit of (16/z)/4 + 656/6?
0
Suppose 5*v - 46694 = -2*i, -3*v + 28008 = 2*i - 5*i. What is the tens digit of v?
3
Let j = -10540 + 21300. What is the units digit of j?
0
Let f(w) = 4*w - 15. Let i be f(22). Let u be 10*9 - (-44)/22. Let j = u - i. What is the tens digit of j?
1
Let l be 4 + (-5 - -10) + -6. Suppose -x + 0*y + y = -562, -l*y = 4*x - 2234. Suppose -7*g - 9*g = -x. What is the units digit of g?
5
Let j = 8301 + -3108. What is the tens digit of j?
9
Suppose -c - 3*c + 2*l + 18 = 0, 0 = 5*c - 5*l - 30. Suppose -c*b = -6*b + 15. Let z(d) = d**3 - 5*d**2 + 8*d - 5. What is the units digit of z(b)?
5
What is the tens digit of (-36674)/(-3)*(-1740)/(-3190)?
6
Let x(g) = g**2 - 12*g - 7. Let s be x(3). What is the units digit of (-3)/(6/s)*23?
1
Let p = 1048 - 1029. Suppose 2*j = 3*j - 26. Let s = p + j. What is the tens digit of s?
4
Let f be (-120)/(-25) + (-1)/(-5) - 2. Suppose -452 = f*j - 3785. What is the thousands digit of j?
1
What is the tens digit of (-26960)/(-14) - (1*7 - 6630/910)?
2
Let o(m) = 13*m**3 - 2*m**2 + 2*m. Suppose -t - 21 = -3*q + 4*t, 0 = 2*t + 6. Let r be o(q). Suppose -6*z - r = -1396. What is the units digit of z?
6
Let